 is the tens digit of v?
9
Let z(s) = -57*s**3 - 15*s**2 - 233*s + 7. What is the thousands digit of z(-8)?
0
Let n be 8/(-36) - (325/(-45) + -1). Suppose 1706 - 186 = n*p. What is the hundreds digit of p?
1
Suppose -5*c + 14 - 32 = -3*d, -5*c = d - 6. Let t be -1*0/(4/(-1)). Suppose t = -5*f + d*f - 118. What is the tens digit of f?
1
Suppose 9*w = 11*w - 6730. Suppose 3*j = -w + 899. What is the units digit of j/(-10) - 4/(-5)?
3
Let v(f) = -11*f + 106. Let x be v(9). Suppose x*i - 4815 = -1805. What is the tens digit of i?
3
Let i = -60325 + 89429. What is the ten thousands digit of i?
2
Suppose -36*x = -25*x - 66528. Suppose 630 = 42*y - x. What is the tens digit of y?
5
Let v(y) = -3*y + 115. Let a be v(-13). Let s be ((-3)/2 - -2)*0. Suppose -3*b = r - a, 8 = 2*r - s*r. What is the tens digit of b?
5
Let g be -1*(-1 + (2 - 2)). Let t = 5 - g. Suppose 3*m + 106 = 8*m - 3*w, m = t*w + 28. What is the units digit of m?
0
Let t(m) = 12*m**2 - m - 1. Let b be t(-3). Suppose 229*l = 5*j + 234*l + 115, -10 = -5*l. Let o = b + j. What is the tens digit of o?
8
Suppose 7*o - 36 = o. Suppose 0 = -10*i + o*i - 120. Let q = -9 - i. What is the tens digit of q?
2
Let w be (-605)/6 + (-8)/48. Suppose 3*s + 2*s + 882 = 2*j, 0 = -5*j - 20. Let r = w - s. What is the units digit of r?
7
What is the thousands digit of ((-256)/48)/((-9)/58158) + 0?
4
Let u = 4902 + -380. Suppose 23*i = 30*i - u. Suppose 3*c + 4*y = i, -3*y = -5 + 2. What is the hundreds digit of c?
2
Suppose 2*n = 3*d + 7116, -4*n - 4031 = 3*d + 3067. Let y = d - -3432. What is the thousands digit of y?
1
Let c be (-1)/((3/(-9) + 0)/(-3)). What is the thousands digit of (-7878)/c*(-12)/(-8)?
1
Let j be (-1 - 2)*(-16)/6. Let t(y) be the first derivative of 7*y**2/2 + 29*y + 286. What is the units digit of t(j)?
5
Let h = 886 - 554. Suppose 2*o = o - 170. Let l = o + h. What is the units digit of l?
2
Let b(f) = 2*f**3 - 9*f**2 + f - 11. Suppose 22*k = 26*k - 36. What is the hundreds digit of b(k)?
7
Let l(f) = -f**3 + 5*f**2 - 5*f + 8. Let z be l(4). Suppose 6*j - 435 = 5*b + j, -z*b - 4*j = 380. Let n = b - -170. What is the units digit of n?
9
Let n be ((0 - 3) + 4)/((-2)/(-8)). Suppose 3*b - n*b - 4*b = 0. Suppose 9 = -t + 4*t + 2*l, b = 2*t + 5*l - 6. What is the units digit of t?
3
What is the thousands digit of 33258*((-26)/8 + 0)*110/(-715)?
6
What is the ten thousands digit of (7 + 4 + -2671)*(-38 - -3)?
9
Let s = 10701 + -5511. What is the tens digit of s?
9
Suppose -f + 65*d + 2461 = 63*d, 0 = -5*d + 15. What is the thousands digit of f?
2
Let q(t) = -8 - 21 + 28 + 2*t**2 - 18 + 7*t. What is the hundreds digit of q(-13)?
2
Let s = -345 - -386. What is the units digit of -23 + s - 0/(-2*1)?
8
Let u(w) = 50*w**2 - 3*w + 2. Let a be u(1). Let l = a - 48. What is the tens digit of (0 + 102 - -2)*l?
0
Let u = -3129 + 20950. What is the thousands digit of u?
7
Let j be (6/(-14))/(-1 + 24/28). What is the hundreds digit of (434/35)/(j/90)?
3
Let z = 82 + -38. Let j be (z/6)/((-3)/(-36)). Suppose 11*h - j = 7*h. What is the units digit of h?
2
Suppose -9 = 9*h - 12*h, -29943 = -3*t + 2*h. What is the tens digit of t?
8
Let i(v) = -v**2 + 9*v + 5. Let z be i(7). Let s be 1 + -1 - -2 - -47. Let m = s - z. What is the units digit of m?
0
Let k = 3494 + -3695. Suppose 3*s + 262 = 5*w, -2*s - 6*w - 183 = -w. Let y = s - k. What is the hundreds digit of y?
1
Let v(m) = 59*m**3 - 9*m**2 + 43*m - 431. What is the units digit of v(8)?
5
Suppose -10*v = -17*v + 1869. Let u = v - -16. Suppose 3*x = g - 5*g + u, 0 = -3*x - 5*g + 278. What is the tens digit of x?
0
Suppose -6 = 3*s - 4*i, 3*s - 14 = -4*i + 4. Let l(y) = -2*y**3 + 2*y + 1. Let o be l(s). Let n = o - -16. What is the units digit of n?
5
Let y(o) = -4124*o - 4953. What is the ten thousands digit of y(-7)?
2
Suppose 0 = 12*z + 243 - 303. Let b = -1 - -1. Suppose -4*y + 116 = -3*u, z*u - u - 16 = b. What is the tens digit of y?
3
Suppose 970 + 1915 = 4*b - 5*k, 0 = -3*b + k + 2172. What is the units digit of b?
5
Suppose -49*t = -48*t - 3*o - 11019, -5*o + 43957 = 4*t. What is the hundreds digit of t?
9
Let i(y) = -y**3 + 29*y**2 - 101*y - 64. What is the hundreds digit of i(21)?
3
Suppose -3*w - 3*g + 5 = -40, -w - 3*g = -7. Suppose 9*q = w*q - 2300. What is the tens digit of q?
3
Suppose -119*l + 6 = -122*l, -l + 17077 = 3*c. What is the units digit of c?
3
What is the units digit of (-78)/104 - ((-2823)/4 + 0)?
5
Suppose 0 = 5*n + 10, 14*c - 16*c + 2*n = -4042. What is the units digit of c?
9
Suppose -63 = -29*p + 22*p. What is the tens digit of -1*318/p*(-32 - -23)?
1
Let a = -175 - -331. What is the tens digit of (-9)/(378/a)*-21?
7
Suppose 22*u - 112 = 15*u. What is the hundreds digit of (u/6 + -2)/((-84)/(-19782))?
1
Let f(r) = 197*r**2 + 4*r + 1. Let u be f(6). Suppose u = 30*x - 2693. What is the tens digit of x?
2
Suppose -22*h = -15*h - 910. Suppose b - h = 435. Suppose r + 2*m - 574 = -3*r, 5*m = -4*r + b. What is the units digit of r?
5
Suppose -49*k + 54*k = 187195. Suppose -47*d + k + 31839 = 0. What is the thousands digit of d?
1
Let h(c) = 44*c**2 - 74*c + 24. Let y be h(14). Suppose -y = -9*z + 2531. What is the hundreds digit of z?
1
Let s(j) = -j**3 + 11*j**2 - 5*j + 11. Let r be s(11). What is the units digit of 340/25 + (r/(-10) - 4)?
4
Let f be (-2 - -35)*(-2)/6. Let y(o) be the third derivative of -o**5/60 - 11*o**4/12 - o**3/3 + 29*o**2 + o. What is the tens digit of y(f)?
1
Let r = 230537 + -162597. What is the ten thousands digit of r?
6
Let b = -2045 + 5778. What is the thousands digit of b?
3
Let q = -4662 + 6775. What is the units digit of q?
3
Let j = -57 - -62. What is the tens digit of (j/30 + (-34)/(-12))*69?
0
What is the units digit of (2/(-1))/((-10)/40780*(0 - -1))?
6
Let k(i) = i**3 + 33*i**2 + 58*i + 267. What is the hundreds digit of k(-27)?
0
Let r = 39033 + -25911. What is the units digit of r?
2
Let q(l) = 34*l - 121. Let u be q(-29). Let s = -759 - u. What is the tens digit of s?
4
Let x = 333 - 329. Suppose 0 = -x*m + 416 + 1076. What is the tens digit of m?
7
Let m = -115 - -288. Suppose r + 4*y - m = 79, -2*y = -r + 240. What is the tens digit of r?
4
Let n(s) = 3*s**2 + 6*s + 2. Let q be n(-2). What is the units digit of ((-430)/8)/(2/(-48)*q)?
5
What is the thousands digit of (64/28)/(-8) - (-94196)/(-28)*-9?
0
Let t(k) = -k**3 + 3*k**2 - k + 3. Let o be t(3). What is the hundreds digit of o + (-4)/(-12) - 377/(-3)?
1
Let y be (-1 + (-21)/(-9))/((-2)/(-9)). Let n be 2 - 80/y*(-6)/(-4). What is the units digit of (-154)/4*(n/(-3) + -8)?
7
Let n(p) = -p + 14. Let f be n(0). Suppose 0 = f*l - 3130 - 650. What is the hundreds digit of l?
2
Let h be (0 + (-33)/(-6))*2*6. Suppose -h + 90 = 4*w. What is the units digit of w?
6
Let g(p) = -p**2 - 12*p - 11. Let u be g(-11). Suppose -4*q - 5 = x, 4*q + 4*x + 20 = -u*x. What is the tens digit of -4 + 42 + q/1?
3
Suppose 0*p + 24 = 6*p. Let r be -1*p - (-340 + 19). Suppose 0 = -3*s + 244 + r. What is the tens digit of s?
8
Let p be (-4)/14 - 4/(-14). Suppose 5*z - 195 - 255 = p. Let t = -47 + z. What is the tens digit of t?
4
Let x(h) be the first derivative of 2*h**2 + 11. Let s be x(0). Suppose -4*w + s + 196 = 0. What is the tens digit of w?
4
Suppose 0 = -3*d + 21, 2*c + 4294 - 162987 = 3*d. What is the tens digit of c?
5
Let z(j) be the first derivative of -75*j**2/2 - 12. Suppose -65*s + 6 = -68*s. What is the units digit of z(s)?
0
What is the ten thousands digit of 3 - (-10)/((-80)/(-155992))?
1
Let h(y) = -y**2 + 16*y - 18. Let x be h(8). Let j(n) = 8*n**3 - n**2 + 1. Let l be j(2). Suppose -3*a + l = p, 3*a + 5*p = 7 + x. What is the tens digit of a?
2
Suppose 21240 = k - r, -69*r - 63728 = -3*k - 74*r. What is the hundreds digit of k?
2
Suppose -3*b + 8 = -b. Suppose -b*j - d = -2393, 5*j - 1781 = 2*j + 2*d. What is the tens digit of j?
9
Let j = 243 + -321. Suppose 3*p = -2*p - 235. Let n = p - j. What is the tens digit of n?
3
What is the thousands digit of 182/13 + 8289 + -12?
8
Let j = 34 - 4. Suppose -20*z = -18*z + j. What is the units digit of (-1790)/z + 4/(-3)?
8
Let t(y) = 341*y + 364. What is the units digit of t(9)?
3
Suppose 42 = 4*v - 4*q + 10, -2*v + 22 = -4*q. Suppose 0 = -5*u + 6*t - 4*t + 3589, -3*u + 2161 = -v*t. Wha